Dec 03 20:23:10.236 INFO testing BuildEAR-3.1.0 against master#8940af3cea4a9a9deabcaf843b2f8cad9a83fc61 for beta-1.31-5
Dec 03 20:23:10.236 INFO running `"docker" "create" "-v" "/mnt/big/crater/work/local/target-dirs/beta-1.31-5/worker-6/master#8940af3cea4a9a9deabcaf843b2f8cad9a83fc61:/target:rw,Z" "-v" "/mnt/big/crater/work/local/test-source/worker-6/beta-1.31-5/master#8940af3cea4a9a9deabcaf843b2f8cad9a83fc61:/source:ro,Z" "-v" "/mnt/big/crater/work/local/cargo-home:/cargo-home:ro,Z" "-v" "/mnt/big/crater/work/local/rustup-home:/rustup-home:ro,Z" "-e" "USER_ID=1000" "-e" "SOURCE_DIR=/source" "-e" "USER_ID=1000" "-e" "CMD=cargo +8940af3cea4a9a9deabcaf843b2f8cad9a83fc61-alt build --frozen" "-e" "CARGO_TARGET_DIR=/target" "-e" "CARGO_INCREMENTAL=0" "-e" "RUST_BACKTRACE=full" "-e" "RUSTFLAGS=--cap-lints=warn" "-e" "CARGO_HOME=/cargo-home" "-e" "RUSTUP_HOME=/rustup-home" "-m" "1536M" "--network" "none" "crater"`
Dec 03 20:23:10.608 INFO [stdout] b5e8c539400517faf4a04075aba43053daaa88e44f2e41459277b24154c60142
Dec 03 20:23:10.610 INFO running `"docker" "start" "-a" "b5e8c539400517faf4a04075aba43053daaa88e44f2e41459277b24154c60142"`
Dec 03 20:23:12.559 INFO [stderr] usermod: no changes
Dec 03 20:23:12.755 INFO [stderr]    Compiling BuildEAR v3.1.0 (/source)
Dec 03 20:23:14.543 INFO [stderr] warning: field is never used: `compiler`
Dec 03 20:23:14.543 INFO [stderr]   --> src/compilation.rs:34:5
Dec 03 20:23:14.543 INFO [stderr]    |
Dec 03 20:23:14.543 INFO [stderr] 34 |     compiler: path::PathBuf,
Dec 03 20:23:14.543 INFO [stderr]    |     ^^^^^^^^^^^^^^^^^^^^^^^
Dec 03 20:23:14.543 INFO [stderr]    |
Dec 03 20:23:14.543 INFO [stderr]    = note: #[warn(dead_code)] on by default
Dec 03 20:23:14.543 INFO [stderr] 
Dec 03 20:23:14.543 INFO [stderr] warning: field is never used: `phase`
Dec 03 20:23:14.543 INFO [stderr]   --> src/compilation.rs:35:5
Dec 03 20:23:14.543 INFO [stderr]    |
Dec 03 20:23:14.543 INFO [stderr] 35 |     phase: CompilerPass,
Dec 03 20:23:14.543 INFO [stderr]    |     ^^^^^^^^^^^^^^^^^^^
Dec 03 20:23:14.543 INFO [stderr] 
Dec 03 20:23:14.543 INFO [stderr] warning: field is never used: `flags`
Dec 03 20:23:14.543 INFO [stderr]   --> src/compilation.rs:36:5
Dec 03 20:23:14.543 INFO [stderr]    |
Dec 03 20:23:14.543 INFO [stderr] 36 |     flags: Vec<String>,
Dec 03 20:23:14.543 INFO [stderr]    |     ^^^^^^^^^^^^^^^^^^
Dec 03 20:23:14.543 INFO [stderr] 
Dec 03 20:23:14.543 INFO [stderr] warning: field is never used: `source`
Dec 03 20:23:14.543 INFO [stderr]   --> src/compilation.rs:37:5
Dec 03 20:23:14.543 INFO [stderr]    |
Dec 03 20:23:14.543 INFO [stderr] 37 |     source: path::PathBuf,
Dec 03 20:23:14.543 INFO [stderr]    |     ^^^^^^^^^^^^^^^^^^^^^
Dec 03 20:23:14.543 INFO [stderr] 
Dec 03 20:23:14.544 INFO [stderr] warning: field is never used: `output`
Dec 03 20:23:14.544 INFO [stderr]   --> src/compilation.rs:38:5
Dec 03 20:23:14.544 INFO [stderr]    |
Dec 03 20:23:14.544 INFO [stderr] 38 |     output: Option<path::PathBuf>,
Dec 03 20:23:14.544 INFO [stderr]    |     ^^^^^^^^^^^^^^^^^^^^^^^^^^^^^
Dec 03 20:23:14.544 INFO [stderr] 
Dec 03 20:23:14.544 INFO [stderr] warning: field is never used: `cwd`
Dec 03 20:23:14.544 INFO [stderr]   --> src/compilation.rs:39:5
Dec 03 20:23:14.544 INFO [stderr]    |
Dec 03 20:23:14.544 INFO [stderr] 39 |     cwd: path::PathBuf,
Dec 03 20:23:14.544 INFO [stderr]    |     ^^^^^^^^^^^^^^^^^^
Dec 03 20:23:14.544 INFO [stderr] 
Dec 03 20:23:21.172 INFO [stderr]     Finished dev [unoptimized + debuginfo] target(s) in 8.58s
Dec 03 20:23:21.183 INFO [stderr] su: No module specific data is present
Dec 03 20:23:22.487 INFO running `"docker" "inspect" "b5e8c539400517faf4a04075aba43053daaa88e44f2e41459277b24154c60142"`
Dec 03 20:23:22.769 INFO running `"docker" "rm" "-f" "b5e8c539400517faf4a04075aba43053daaa88e44f2e41459277b24154c60142"`
Dec 03 20:23:23.052 INFO [stdout] b5e8c539400517faf4a04075aba43053daaa88e44f2e41459277b24154c60142
Dec 03 20:23:23.059 INFO running `"docker" "create" "-v" "/mnt/big/crater/work/local/target-dirs/beta-1.31-5/worker-6/master#8940af3cea4a9a9deabcaf843b2f8cad9a83fc61:/target:rw,Z" "-v" "/mnt/big/crater/work/local/test-source/worker-6/beta-1.31-5/master#8940af3cea4a9a9deabcaf843b2f8cad9a83fc61:/source:ro,Z" "-v" "/mnt/big/crater/work/local/cargo-home:/cargo-home:ro,Z" "-v" "/mnt/big/crater/work/local/rustup-home:/rustup-home:ro,Z" "-e" "USER_ID=1000" "-e" "SOURCE_DIR=/source" "-e" "USER_ID=1000" "-e" "CMD=cargo +8940af3cea4a9a9deabcaf843b2f8cad9a83fc61-alt test --frozen --no-run" "-e" "CARGO_TARGET_DIR=/target" "-e" "CARGO_INCREMENTAL=0" "-e" "RUST_BACKTRACE=full" "-e" "RUSTFLAGS=--cap-lints=warn" "-e" "CARGO_HOME=/cargo-home" "-e" "RUSTUP_HOME=/rustup-home" "-m" "1536M" "--network" "none" "crater"`
Dec 03 20:23:23.455 INFO [stdout] a7271d100c69047c5388ab3c9adc83b391659dc3693dd5a15f164c58aa4629dc
Dec 03 20:23:23.457 INFO running `"docker" "start" "-a" "a7271d100c69047c5388ab3c9adc83b391659dc3693dd5a15f164c58aa4629dc"`
Dec 03 20:23:24.832 INFO [stderr] usermod: no changes
Dec 03 20:23:24.951 INFO [stderr]    Compiling BuildEAR v3.1.0 (/source)
Dec 03 20:23:28.231 INFO [stderr] warning: field is never used: `compiler`
Dec 03 20:23:28.231 INFO [stderr]   --> src/compilation.rs:34:5
Dec 03 20:23:28.231 INFO [stderr]    |
Dec 03 20:23:28.231 INFO [stderr] 34 |     compiler: path::PathBuf,
Dec 03 20:23:28.231 INFO [stderr]    |     ^^^^^^^^^^^^^^^^^^^^^^^
Dec 03 20:23:28.231 INFO [stderr]    |
Dec 03 20:23:28.231 INFO [stderr]    = note: #[warn(dead_code)] on by default
Dec 03 20:23:28.231 INFO [stderr] 
Dec 03 20:23:28.231 INFO [stderr] warning: field is never used: `phase`
Dec 03 20:23:28.231 INFO [stderr]   --> src/compilation.rs:35:5
Dec 03 20:23:28.231 INFO [stderr]    |
Dec 03 20:23:28.231 INFO [stderr] 35 |     phase: CompilerPass,
Dec 03 20:23:28.231 INFO [stderr]    |     ^^^^^^^^^^^^^^^^^^^
Dec 03 20:23:28.231 INFO [stderr] 
Dec 03 20:23:28.231 INFO [stderr] warning: field is never used: `flags`
Dec 03 20:23:28.231 INFO [stderr]   --> src/compilation.rs:36:5
Dec 03 20:23:28.231 INFO [stderr]    |
Dec 03 20:23:28.231 INFO [stderr] 36 |     flags: Vec<String>,
Dec 03 20:23:28.231 INFO [stderr]    |     ^^^^^^^^^^^^^^^^^^
Dec 03 20:23:28.231 INFO [stderr] 
Dec 03 20:23:28.231 INFO [stderr] warning: field is never used: `source`
Dec 03 20:23:28.231 INFO [stderr]   --> src/compilation.rs:37:5
Dec 03 20:23:28.231 INFO [stderr]    |
Dec 03 20:23:28.231 INFO [stderr] 37 |     source: path::PathBuf,
Dec 03 20:23:28.231 INFO [stderr]    |     ^^^^^^^^^^^^^^^^^^^^^
Dec 03 20:23:28.231 INFO [stderr] 
Dec 03 20:23:28.231 INFO [stderr] warning: field is never used: `output`
Dec 03 20:23:28.231 INFO [stderr]   --> src/compilation.rs:38:5
Dec 03 20:23:28.231 INFO [stderr]    |
Dec 03 20:23:28.231 INFO [stderr] 38 |     output: Option<path::PathBuf>,
Dec 03 20:23:28.231 INFO [stderr]    |     ^^^^^^^^^^^^^^^^^^^^^^^^^^^^^
Dec 03 20:23:28.231 INFO [stderr] 
Dec 03 20:23:28.231 INFO [stderr] warning: field is never used: `cwd`
Dec 03 20:23:28.231 INFO [stderr]   --> src/compilation.rs:39:5
Dec 03 20:23:28.231 INFO [stderr]    |
Dec 03 20:23:28.231 INFO [stderr] 39 |     cwd: path::PathBuf,
Dec 03 20:23:28.231 INFO [stderr]    |     ^^^^^^^^^^^^^^^^^^
Dec 03 20:23:28.231 INFO [stderr] 
Dec 03 20:23:33.533 INFO [stderr]     Finished dev [unoptimized + debuginfo] target(s) in 8.67s
Dec 03 20:23:33.541 INFO [stderr] su: No module specific data is present
Dec 03 20:23:34.471 INFO running `"docker" "inspect" "a7271d100c69047c5388ab3c9adc83b391659dc3693dd5a15f164c58aa4629dc"`
Dec 03 20:23:34.727 INFO running `"docker" "rm" "-f" "a7271d100c69047c5388ab3c9adc83b391659dc3693dd5a15f164c58aa4629dc"`
Dec 03 20:23:35.071 INFO [stdout] a7271d100c69047c5388ab3c9adc83b391659dc3693dd5a15f164c58aa4629dc
Dec 03 20:23:35.079 INFO running `"docker" "create" "-v" "/mnt/big/crater/work/local/target-dirs/beta-1.31-5/worker-6/master#8940af3cea4a9a9deabcaf843b2f8cad9a83fc61:/target:rw,Z" "-v" "/mnt/big/crater/work/local/test-source/worker-6/beta-1.31-5/master#8940af3cea4a9a9deabcaf843b2f8cad9a83fc61:/source:ro,Z" "-v" "/mnt/big/crater/work/local/cargo-home:/cargo-home:ro,Z" "-v" "/mnt/big/crater/work/local/rustup-home:/rustup-home:ro,Z" "-e" "USER_ID=1000" "-e" "SOURCE_DIR=/source" "-e" "USER_ID=1000" "-e" "CMD=cargo +8940af3cea4a9a9deabcaf843b2f8cad9a83fc61-alt test --frozen" "-e" "CARGO_TARGET_DIR=/target" "-e" "CARGO_INCREMENTAL=0" "-e" "RUST_BACKTRACE=full" "-e" "RUSTFLAGS=--cap-lints=warn" "-e" "CARGO_HOME=/cargo-home" "-e" "RUSTUP_HOME=/rustup-home" "-m" "1536M" "--network" "none" "crater"`
Dec 03 20:23:35.559 INFO [stdout] 9ef84804d75b64776173b71fa2ec9bb54f7cd525fb96a422beff4f4deaf0e266
Dec 03 20:23:35.567 INFO running `"docker" "start" "-a" "9ef84804d75b64776173b71fa2ec9bb54f7cd525fb96a422beff4f4deaf0e266"`
Dec 03 20:23:37.630 INFO [stderr] usermod: no changes
Dec 03 20:23:37.827 INFO [stderr]     Finished dev [unoptimized + debuginfo] target(s) in 0.17s
Dec 03 20:23:37.851 INFO [stderr]      Running /target/debug/deps/intercept-091fd113b35f1a7c
Dec 03 20:23:37.853 INFO [stdout] 
Dec 03 20:23:37.853 INFO [stdout] running 3 tests
Dec 03 20:23:37.854 INFO [stdout] test trace::tests::read_works_on_unkown_fields ... ok
Dec 03 20:23:37.854 INFO [stdout] test trace::tests::write_and_read_works ... ok
Dec 03 20:23:37.854 INFO [stdout] test trace::tests::is_execution_trace ... ok
Dec 03 20:23:37.855 INFO [stdout] 
Dec 03 20:23:37.855 INFO [stdout] test result: ok. 3 passed; 0 failed; 0 ignored; 0 measured; 0 filtered out
Dec 03 20:23:37.855 INFO [stdout] 
Dec 03 20:23:37.859 INFO [stderr]      Running /target/debug/deps/bear2-59e593ed1d009baa
Dec 03 20:23:37.864 INFO [stdout] 
Dec 03 20:23:37.864 INFO [stdout] running 0 tests
Dec 03 20:23:37.864 INFO [stdout] 
Dec 03 20:23:37.864 INFO [stdout] test result: ok. 0 passed; 0 failed; 0 ignored; 0 measured; 0 filtered out
Dec 03 20:23:37.864 INFO [stdout] 
Dec 03 20:23:37.867 INFO [stderr]      Running /target/debug/deps/trace_test-7b3784c413044add
Dec 03 20:23:37.876 INFO [stdout] 
Dec 03 20:23:37.876 INFO [stdout] running 1 test
Dec 03 20:23:37.992 INFO [stdout] test read_write_works ... FAILED
Dec 03 20:23:37.992 INFO [stdout] 
Dec 03 20:23:37.992 INFO [stdout] failures:
Dec 03 20:23:37.992 INFO [stdout] 
Dec 03 20:23:37.992 INFO [stdout] ---- read_write_works stdout ----
Dec 03 20:23:37.992 INFO [stdout] thread 'read_write_works' panicked at 'called `Result::unwrap()` on an `Err` value: Os { code: 30, kind: Other, message: "Read-only file system" }', libcore/result.rs:1009:5
Dec 03 20:23:37.992 INFO [stdout] stack backtrace:
Dec 03 20:23:37.992 INFO [stdout]    0:     0x5605ae843a2f - std::sys::unix::backtrace::tracing::imp::unwind_backtrace::h3a8b83e1922cbdde
Dec 03 20:23:37.992 INFO [stdout]                                at libstd/sys/unix/backtrace/tracing/gcc_s.rs:49
Dec 03 20:23:37.992 INFO [stdout]    1:     0x5605ae84ca97 - std::sys_common::backtrace::print::h00d3155a29b4020f
Dec 03 20:23:37.992 INFO [stdout]                                at libstd/sys_common/backtrace.rs:71
Dec 03 20:23:37.992 INFO [stdout]                                at libstd/sys_common/backtrace.rs:59
Dec 03 20:23:37.992 INFO [stdout]    2:     0x5605ae84777f - std::panicking::default_hook::{{closure}}::hd7465c742e79e1bb
Dec 03 20:23:37.992 INFO [stdout]                                at libstd/panicking.rs:211
Dec 03 20:23:37.992 INFO [stdout]    3:     0x5605ae84747e - std::panicking::default_hook::h9e3966f2aa2a6e12
Dec 03 20:23:37.992 INFO [stdout]                                at libstd/panicking.rs:221
Dec 03 20:23:37.992 INFO [stdout]    4:     0x5605ae847e5e - std::panicking::rust_panic_with_hook::h587f091ae747d080
Dec 03 20:23:37.992 INFO [stdout]                                at libstd/panicking.rs:476
Dec 03 20:23:37.992 INFO [stdout]    5:     0x5605ae847a01 - std::panicking::continue_panic_fmt::hb3a4fdede87f43a8
Dec 03 20:23:37.992 INFO [stdout]                                at libstd/panicking.rs:390
Dec 03 20:23:37.992 INFO [stdout]    6:     0x5605ae8478e5 - rust_begin_unwind
Dec 03 20:23:37.992 INFO [stdout]                                at libstd/panicking.rs:325
Dec 03 20:23:37.992 INFO [stdout]    7:     0x5605ae88ab4c - core::panicking::panic_fmt::h6f9cebf5e7474a0b
Dec 03 20:23:37.992 INFO [stdout]                                at libcore/panicking.rs:77
Dec 03 20:23:37.992 INFO [stdout]    8:     0x5605ae82bab0 - core::result::unwrap_failed::he5101fa389c42433
Dec 03 20:23:37.992 INFO [stdout]                                at libcore/macros.rs:26
Dec 03 20:23:37.992 INFO [stdout]    9:     0x5605ae7c704f - <core::result::Result<T, E>>::unwrap::h6394633ab50aac0e
Dec 03 20:23:37.992 INFO [stdout]                                at libcore/result.rs:808
Dec 03 20:23:37.992 INFO [stdout]   10:     0x5605ae7c4588 - trace_test::read_write_works::h53da54f1ee3ab23a
Dec 03 20:23:37.992 INFO [stdout]                                at tests/trace_test.rs:15
Dec 03 20:23:37.992 INFO [stdout]   11:     0x5605ae7c4409 - trace_test::read_write_works::{{closure}}::hbba2b1b2868183d0
Dec 03 20:23:37.992 INFO [stdout]                                at tests/trace_test.rs:10
Dec 03 20:23:37.992 INFO [stdout]   12:     0x5605ae7c5a5d - core::ops::function::FnOnce::call_once::hc2c8ace0f215456c
Dec 03 20:23:37.992 INFO [stdout]                                at libcore/ops/function.rs:238
Dec 03 20:23:37.993 INFO [stdout]   13:     0x5605ae7c98ae - <F as alloc::boxed::FnBox<A>>::call_box::hac903f91577a156c
Dec 03 20:23:37.993 INFO [stdout]                                at libtest/lib.rs:1468
Dec 03 20:23:37.993 INFO [stdout]                                at libcore/ops/function.rs:238
Dec 03 20:23:37.993 INFO [stdout]                                at liballoc/boxed.rs:672
Dec 03 20:23:37.993 INFO [stdout]   14:     0x5605ae857a49 - __rust_maybe_catch_panic
Dec 03 20:23:37.993 INFO [stdout]                                at libpanic_unwind/lib.rs:102
Dec 03 20:23:37.993 INFO [stdout]   15:     0x5605ae7eb502 - std::sys_common::backtrace::__rust_begin_short_backtrace::hb8f0d0309526c184
Dec 03 20:23:37.993 INFO [stdout]                                at libstd/panicking.rs:289
Dec 03 20:23:37.993 INFO [stdout]                                at libstd/panic.rs:392
Dec 03 20:23:37.993 INFO [stdout]                                at libtest/lib.rs:1423
Dec 03 20:23:37.993 INFO [stdout]                                at libstd/sys_common/backtrace.rs:136
Dec 03 20:23:37.993 INFO [stdout]   16:     0x5605ae7ebfb4 - std::panicking::try::do_call::hc2f7c8b9a348d8db
Dec 03 20:23:37.993 INFO [stdout]                                at libstd/thread/mod.rs:409
Dec 03 20:23:37.993 INFO [stdout]                                at libstd/panic.rs:313
Dec 03 20:23:37.993 INFO [stdout]                                at libstd/panicking.rs:310
Dec 03 20:23:37.993 INFO [stdout]   17:     0x5605ae857a49 - __rust_maybe_catch_panic
Dec 03 20:23:37.993 INFO [stdout]                                at libpanic_unwind/lib.rs:102
Dec 03 20:23:37.993 INFO [stdout]   18:     0x5605ae7d91ec - <F as alloc::boxed::FnBox<A>>::call_box::h6bfded618e480b32
Dec 03 20:23:37.993 INFO [stdout]                                at libstd/panicking.rs:289
Dec 03 20:23:37.993 INFO [stdout]                                at libstd/panic.rs:392
Dec 03 20:23:37.993 INFO [stdout]                                at libstd/thread/mod.rs:408
Dec 03 20:23:37.993 INFO [stdout]                                at liballoc/boxed.rs:672
Dec 03 20:23:37.993 INFO [stdout]   19:     0x5605ae84566d - std::sys_common::thread::start_thread::h4c28257d67cdf9cb
Dec 03 20:23:37.993 INFO [stdout]                                at liballoc/boxed.rs:682
Dec 03 20:23:37.993 INFO [stdout]                                at libstd/sys_common/thread.rs:24
Dec 03 20:23:37.993 INFO [stdout]   20:     0x5605ae83a8a5 - std::sys::unix::thread::Thread::new::thread_start::hfecb2e7eff8fd34f
Dec 03 20:23:37.993 INFO [stdout]                                at libstd/sys/unix/thread.rs:90
Dec 03 20:23:37.993 INFO [stdout]   21:     0x7fb97e8d96b9 - start_thread
Dec 03 20:23:37.993 INFO [stdout]   22:     0x7fb97e3f941c - clone
Dec 03 20:23:37.993 INFO [stdout]   23:                0x0 - <unknown>
Dec 03 20:23:37.993 INFO [stdout] 
Dec 03 20:23:37.993 INFO [stdout] 
Dec 03 20:23:37.993 INFO [stdout] failures:
Dec 03 20:23:37.993 INFO [stdout]     read_write_works
Dec 03 20:23:37.993 INFO [stdout] 
Dec 03 20:23:37.993 INFO [stdout] test result: FAILED. 0 passed; 1 failed; 0 ignored; 0 measured; 0 filtered out
Dec 03 20:23:37.993 INFO [stdout] 
Dec 03 20:23:37.993 INFO [stderr] error: test failed, to rerun pass '--test trace_test'
Dec 03 20:23:37.995 INFO [stderr] su: No module specific data is present
Dec 03 20:23:38.793 INFO running `"docker" "inspect" "9ef84804d75b64776173b71fa2ec9bb54f7cd525fb96a422beff4f4deaf0e266"`
Dec 03 20:23:39.109 INFO running `"docker" "rm" "-f" "9ef84804d75b64776173b71fa2ec9bb54f7cd525fb96a422beff4f4deaf0e266"`
Dec 03 20:23:39.471 INFO [stdout] 9ef84804d75b64776173b71fa2ec9bb54f7cd525fb96a422beff4f4deaf0e266
